{"id":1371,"date":"2019-01-16T19:00:36","date_gmt":"2019-01-16T19:00:36","guid":{"rendered":"https:\/\/gdp.cat\/?page_id=1371"},"modified":"2019-01-16T19:39:42","modified_gmt":"2019-01-16T19:39:42","slug":"patentes-y-premios","status":"publish","type":"page","link":"https:\/\/gdp.cat\/ca\/patentes-y-premios\/","title":{"rendered":"Patents i premis"},"content":{"rendered":"<p>[vc_row css=&#8221;.vc_custom_1538086938647{margin-bottom: 0px !important;border-bottom-width: 0px !important;padding-bottom: 0px !important;}&#8221;][vc_column css=&#8221;.vc_custom_1538086972618{margin-bottom: 0px !important;border-bottom-width: 0px !important;padding-bottom: 0px !important;}&#8221;]<div id=\"ultimate-heading-338469f3375405083\" class=\"uvc-heading ult-adjust-bottom-margin ultimate-heading-338469f3375405083 uvc-2120 \" data-hspacer=\"image_only\"  data-halign=\"left\" style=\"text-align:left\"><div class=\"uvc-main-heading ult-responsive\"  data-ultimate-target='.uvc-heading.ultimate-heading-338469f3375405083 h2'  data-responsive-json-new='{\"font-size\":\"desktop:38px;\",\"line-height\":\"\"}' ><h2 style=\"font-family:&#039;Muli&#039;;font-weight:600;color:#fccc21;margin-bottom:10px;\">Patents<\/h2><\/div><div class=\"uvc-heading-spacer image_only\" style=\"margin-bottom:12px;\"><img src=\"https:\/\/gdp.cat\/wp-content\/uploads\/2018\/09\/separador.gif\" class=\"ultimate-headings-icon-image\" alt=\"null\" style=\"\"\/><\/div><\/div>[\/vc_column][\/vc_row][vc_row type=&#8221;vc_default&#8221; css=&#8221;.vc_custom_1538947495655{margin-top: 0px !important;border-top-width: 0px !important;padding-top: 0px !important;padding-bottom: 0px !important;}&#8221;][vc_column width=&#8221;1\/2&#8243; css=&#8221;.vc_custom_1538086999448{margin-top: 0px !important;border-top-width: 0px !important;padding-top: 0px !important;}&#8221;][vc_column_text]Disposem de les patents d\u2019invenci\u00f3 denominades, bloc de formig\u00f3 i procediment per obtenir-lo n\u00ba 200700156(X) i procediment per la fabricaci\u00f3 de peces de formig\u00f3 n\u00ba 200700667.<\/p>\n<p>Tamb\u00e9 v\u00e0rem ser col\u00b7laboradors en el Proyecto GEAR per a la elaboraci\u00f3 de la Gu\u00eda Espa\u00f1ola de \u00c1ridos Reciclados.[\/vc_column_text][vc_row_inner][vc_column_inner width=&#8221;1\/2&#8243;][vc_single_image image=&#8221;978&#8243; img_size=&#8221;full&#8221;][\/vc_column_inner][vc_column_inner width=&#8221;1\/2&#8243;][vc_single_image image=&#8221;977&#8243; img_size=&#8221;full&#8221;][\/vc_column_inner][\/vc_row_inner][\/vc_column][vc_column width=&#8221;1\/2&#8243; css=&#8221;.vc_custom_1538947501606{margin-top: 0px !important;border-top-width: 0px !important;padding-top: 0px !important;padding-bottom: 0px !important;}&#8221;][vc_single_image image=&#8221;1319&#8243; img_size=&#8221;full&#8221;][\/vc_column][\/vc_row][vc_row css=&#8221;.vc_custom_1538086938647{margin-bottom: 0px !important;border-bottom-width: 0px !important;padding-bottom: 0px !important;}&#8221;][vc_column css=&#8221;.vc_custom_1538086972618{margin-bottom: 0px !important;border-bottom-width: 0px !important;padding-bottom: 0px !important;}&#8221;]<div id=\"ultimate-heading-478569f33754050cc\" class=\"uvc-heading ult-adjust-bottom-margin ultimate-heading-478569f33754050cc uvc-8650 \" data-hspacer=\"no_spacer\"  data-halign=\"left\" style=\"text-align:left\"><div class=\"uvc-heading-spacer no_spacer\" style=\"top\"><\/div><div class=\"uvc-main-heading ult-responsive\"  data-ultimate-target='.uvc-heading.ultimate-heading-478569f33754050cc h2'  data-responsive-json-new='{\"font-size\":\"desktop:38px;\",\"line-height\":\"\"}' ><h2 style=\"font-family:&#039;Muli&#039;;font-weight:600;color:#fccc21;margin-bottom:10px;\">Premis i reconeixements<\/h2><\/div><\/div>[\/vc_column][\/vc_row][vc_row type=&#8221;vc_default&#8221; css=&#8221;.vc_custom_1538086930918{margin-top: 0px !important;border-top-width: 0px !important;padding-top: 0px !important;padding-bottom: 40px !important;}&#8221;][vc_column width=&#8221;1\/2&#8243; css=&#8221;.vc_custom_1538086999448{margin-top: 0px !important;border-top-width: 0px !important;padding-top: 0px !important;}&#8221;]<div id=\"ultimate-heading-402669f3375405142\" class=\"uvc-heading ult-adjust-bottom-margin ultimate-heading-402669f3375405142 uvc-8685 \" data-hspacer=\"image_only\"  data-halign=\"left\" style=\"text-align:left\"><div class=\"uvc-heading-spacer image_only\" style=\"margin-bottom:12px;\"><img src=\"https:\/\/gdp.cat\/wp-content\/uploads\/2018\/09\/separador.gif\" class=\"ultimate-headings-icon-image\" alt=\"null\" style=\"\"\/><\/div><div class=\"uvc-sub-heading ult-responsive\"  data-ultimate-target='.uvc-heading.ultimate-heading-402669f3375405142 .uvc-sub-heading '  data-responsive-json-new='{\"font-size\":\"\",\"line-height\":\"\"}'  style=\"font-weight:normal;margin-bottom:15px;\">Novembre 2005<br \/>\n<strong>Premi a la Innovaci\u00f3 Empresarial<\/strong><br \/>\nCategoria Cultura Innovadora<br \/>\nConcedit per el Ajuntament de Granollers (Barcelona) i Granollers mercat<\/div><\/div><div id=\"ultimate-heading-508069f33754051c2\" class=\"uvc-heading ult-adjust-bottom-margin ultimate-heading-508069f33754051c2 uvc-8854 \" data-hspacer=\"image_only\"  data-halign=\"left\" style=\"text-align:left\"><div class=\"uvc-heading-spacer image_only\" style=\"margin-bottom:12px;\"><img src=\"https:\/\/gdp.cat\/wp-content\/uploads\/2018\/09\/separador.gif\" class=\"ultimate-headings-icon-image\" alt=\"null\" style=\"\"\/><\/div><div class=\"uvc-sub-heading ult-responsive\"  data-ultimate-target='.uvc-heading.ultimate-heading-508069f33754051c2 .uvc-sub-heading '  data-responsive-json-new='{\"font-size\":\"\",\"line-height\":\"\"}'  style=\"font-weight:normal;margin-bottom:15px;\">Gener 2006<br \/>\n<strong>Finalistes Premis Cambra de Comer\u00e7<\/strong><br \/>\nDelegaci\u00f3 Vall\u00e8s Oriental (Barcelona)<\/div><\/div><div id=\"ultimate-heading-231569f3375405222\" class=\"uvc-heading ult-adjust-bottom-margin ultimate-heading-231569f3375405222 uvc-1637 \" data-hspacer=\"image_only\"  data-halign=\"left\" style=\"text-align:left\"><div class=\"uvc-heading-spacer image_only\" style=\"margin-bottom:12px;\"><img src=\"https:\/\/gdp.cat\/wp-content\/uploads\/2018\/09\/separador.gif\" class=\"ultimate-headings-icon-image\" alt=\"null\" style=\"\"\/><\/div><div class=\"uvc-sub-heading ult-responsive\"  data-ultimate-target='.uvc-heading.ultimate-heading-231569f3375405222 .uvc-sub-heading '  data-responsive-json-new='{\"font-size\":\"\",\"line-height\":\"\"}'  style=\"font-weight:normal;margin-bottom:15px;\">Maig 2006<br \/>\n<strong>1r Premi GERD<\/strong><br \/>\nGremi d\u2019Entitats de Reciclatge d\u2019Enderrocs<\/div><\/div><div id=\"ultimate-heading-86969f3375405282\" class=\"uvc-heading ult-adjust-bottom-margin ultimate-heading-86969f3375405282 uvc-5255 \" data-hspacer=\"image_only\"  data-halign=\"left\" style=\"text-align:left\"><div class=\"uvc-heading-spacer image_only\" style=\"margin-bottom:12px;\"><img src=\"https:\/\/gdp.cat\/wp-content\/uploads\/2018\/09\/separador.gif\" class=\"ultimate-headings-icon-image\" alt=\"null\" style=\"\"\/><\/div><div class=\"uvc-sub-heading ult-responsive\"  data-ultimate-target='.uvc-heading.ultimate-heading-86969f3375405282 .uvc-sub-heading '  data-responsive-json-new='{\"font-size\":\"\",\"line-height\":\"\"}'  style=\"font-weight:normal;margin-bottom:15px;\">Maig 2006<br \/>\n<strong>Premi FIDER<\/strong><br \/>\nFira Internacional Demolici\u00f3 i Reciclatge, Saragossa,<br \/>\na la Innovaci\u00f3 Tecnol\u00f2gica Excel\u00b7lent<\/div><\/div>[\/vc_column][vc_column width=&#8221;1\/2&#8243; css=&#8221;.vc_custom_1538087008230{margin-top: 0px !important;border-top-width: 0px !important;padding-top: 0px !important;padding-bottom: 30px !important;}&#8221;]<div id=\"ultimate-heading-26069f33754052ec\" class=\"uvc-heading ult-adjust-bottom-margin ultimate-heading-26069f33754052ec uvc-6447 \" data-hspacer=\"image_only\"  data-halign=\"left\" style=\"text-align:left\"><div class=\"uvc-heading-spacer image_only\" style=\"margin-bottom:12px;\"><img src=\"https:\/\/gdp.cat\/wp-content\/uploads\/2018\/09\/separador.gif\" class=\"ultimate-headings-icon-image\" alt=\"null\" style=\"\"\/><\/div><div class=\"uvc-sub-heading ult-responsive\"  data-ultimate-target='.uvc-heading.ultimate-heading-26069f33754052ec .uvc-sub-heading '  data-responsive-json-new='{\"font-size\":\"\",\"line-height\":\"\"}'  style=\"font-weight:normal;margin-bottom:15px;\">Novembre 2006<br \/>\n<strong>Finalistes premis Catalunya Construcci\u00f3 del Col\u00b7legi d\u2019Aparelladors i Arquitectes T\u00e8cnics de Barcelona<\/strong><br \/>\nCategoria Projecte Innovador<\/p>\n<p>r<\/div><\/div><div id=\"ultimate-heading-541969f3375405349\" class=\"uvc-heading ult-adjust-bottom-margin ultimate-heading-541969f3375405349 uvc-5091 \" data-hspacer=\"image_only\"  data-halign=\"left\" style=\"text-align:left\"><div class=\"uvc-heading-spacer image_only\" style=\"margin-bottom:12px;\"><img src=\"https:\/\/gdp.cat\/wp-content\/uploads\/2018\/09\/separador.gif\" class=\"ultimate-headings-icon-image\" alt=\"null\" style=\"\"\/><\/div><div class=\"uvc-sub-heading ult-responsive\"  data-ultimate-target='.uvc-heading.ultimate-heading-541969f3375405349 .uvc-sub-heading '  data-responsive-json-new='{\"font-size\":\"\",\"line-height\":\"\"}'  style=\"font-weight:normal;margin-bottom:15px;\">Juliol 2007<br \/>\n<strong>Menci\u00f3 especial del Premi Medi Ambient 2007<\/strong><br \/>\nDisseny per al Reciclatge, Producte Reciclat\/Reciclable, en la Categoria A de Productes, atorgat pel Departament de Medi Ambient de la Generalitat de Catalunya<\/div><\/div><div id=\"ultimate-heading-120169f33754053b7\" class=\"uvc-heading ult-adjust-bottom-margin ultimate-heading-120169f33754053b7 uvc-898 \" data-hspacer=\"image_only\"  data-halign=\"left\" style=\"text-align:left\"><div class=\"uvc-heading-spacer image_only\" style=\"margin-bottom:12px;\"><img src=\"https:\/\/gdp.cat\/wp-content\/uploads\/2018\/09\/separador.gif\" class=\"ultimate-headings-icon-image\" alt=\"null\" style=\"\"\/><\/div><div class=\"uvc-sub-heading ult-responsive\"  data-ultimate-target='.uvc-heading.ultimate-heading-120169f33754053b7 .uvc-sub-heading '  data-responsive-json-new='{\"font-size\":\"\",\"line-height\":\"\"}'  style=\"font-weight:normal;margin-bottom:15px;\">Juliol 2009<br \/>\n<strong>Premi Catalunya Construcci\u00f3 09<\/strong><br \/>\nInnovaci\u00f3 a la Construcci\u00f3, del Col\u00b7legi d\u2019Aparelladors i Arquitectes T\u00e8cnics de Barcelona<\/div><\/div>[\/vc_column][\/vc_row]<\/p>\n","protected":false},"excerpt":{"rendered":"<p>[vc_row css=&#8221;.vc_custom_1538086938647{margin-bottom: 0px !important;border-bottom-width: 0px !important;padding-bottom: 0px !important;}&#8221;][vc_column css=&#8221;.vc_custom_1538086972618{margin-bottom: 0px !important;border-bottom-width: 0px !important;padding-bottom: 0px !important;}&#8221;][\/vc_column][\/vc_row][vc_row type=&#8221;vc_default&#8221; css=&#8221;.vc_custom_1538947495655{margin-top: 0px !important;border-top-width: 0px !important;padding-top: 0px !important;padding-bottom: 0px !important;}&#8221;][vc_column width=&#8221;1\/2&#8243; css=&#8221;.vc_custom_1538086999448{margin-top: 0px !important;border-top-width: 0px !important;padding-top: 0px !important;}&#8221;][vc_column_text]Disposem de les patents d\u2019invenci\u00f3 denominades, bloc de formig\u00f3 i procediment per obtenir-lo n\u00ba 200700156(X) i procediment per la fabricaci\u00f3 de peces de&hellip;<\/p>\n","protected":false},"author":1,"featured_media":0,"parent":0,"menu_order":0,"comment_status":"closed","ping_status":"closed","template":"","meta":[],"_links":{"self":[{"href":"https:\/\/gdp.cat\/ca\/wp-json\/wp\/v2\/pages\/1371"}],"collection":[{"href":"https:\/\/gdp.cat\/ca\/wp-json\/wp\/v2\/pages"}],"about":[{"href":"https:\/\/gdp.cat\/ca\/wp-json\/wp\/v2\/types\/page"}],"author":[{"embeddable":true,"href":"https:\/\/gdp.cat\/ca\/wp-json\/wp\/v2\/users\/1"}],"replies":[{"embeddable":true,"href":"https:\/\/gdp.cat\/ca\/wp-json\/wp\/v2\/comments?post=1371"}],"version-history":[{"count":4,"href":"https:\/\/gdp.cat\/ca\/wp-json\/wp\/v2\/pages\/1371\/revisions"}],"predecessor-version":[{"id":1430,"href":"https:\/\/gdp.cat\/ca\/wp-json\/wp\/v2\/pages\/1371\/revisions\/1430"}],"wp:attachment":[{"href":"https:\/\/gdp.cat\/ca\/wp-json\/wp\/v2\/media?parent=1371"}],"curies":[{"name":"wp","href":"https:\/\/api.w.org\/{rel}","templated":true}]}}

<p>[vc_row css=&#8221;.vc_custom_1538086938647{margin-bottom: 0px !important;border-bottom-width: 0px !important;padding-bottom: 0px !important;}&#8221;][vc_column css=&#8221;.vc_custom_1538086972618{margin-bottom: 0px !important;border-bottom-width: 0px !important;padding-bottom: 0px !important;}&#8221;]<div id="ultimate-heading-338469f3375405083" class="uvc-heading ult-adjust-bottom-margin ultimate-heading-338469f3375405083 uvc-2120 " data-hspacer="image_only"  data-halign="left" style="text-align:left"><div class="uvc-main-heading ult-responsive"  data-ultimate-target='.uvc-heading.ultimate-heading-338469f3375405083 h2'  data-responsive-json-new='{"font-size":"desktop:38px;","line-height":""}' ><h2 style="font-family:&#039;Muli&#039;;font-weight:600;color:#fccc21;margin-bottom:10px;">Patents</h2></div><div class="uvc-heading-spacer image_only" style="margin-bottom:12px;"><img src="https://gdp.cat/wp-content/uploads/2018/09/separador.gif" class="ultimate-headings-icon-image" alt="null" style=""/></div></div>[/vc_column][/vc_row][vc_row type=&#8221;vc_default&#8221; css=&#8221;.vc_custom_1538947495655{margin-top: 0px !important;border-top-width: 0px !important;padding-top: 0px !important;padding-bottom: 0px !important;}&#8221;][vc_column width=&#8221;1/2&#8243; css=&#8221;.vc_custom_1538086999448{margin-top: 0px !important;border-top-width: 0px !important;padding-top: 0px !important;}&#8221;][vc_column_text]Disposem de les patents d’invenció denominades, bloc de formigó i procediment per obtenir-lo nº 200700156(X) i procediment per la fabricació de peces de formigó nº 200700667.</p>
<p>També vàrem ser col·laboradors en el Proyecto GEAR per a la elaboració de la Guía Española de Áridos Reciclados.[/vc_column_text][vc_row_inner][vc_column_inner width=&#8221;1/2&#8243;][vc_single_image image=&#8221;978&#8243; img_size=&#8221;full&#8221;][/vc_column_inner][vc_column_inner width=&#8221;1/2&#8243;][vc_single_image image=&#8221;977&#8243; img_size=&#8221;full&#8221;][/vc_column_inner][/vc_row_inner][/vc_column][vc_column width=&#8221;1/2&#8243; css=&#8221;.vc_custom_1538947501606{margin-top: 0px !important;border-top-width: 0px !important;padding-top: 0px !important;padding-bottom: 0px !important;}&#8221;][vc_single_image image=&#8221;1319&#8243; img_size=&#8221;full&#8221;][/vc_column][/vc_row][vc_row css=&#8221;.vc_custom_1538086938647{margin-bottom: 0px !important;border-bottom-width: 0px !important;padding-bottom: 0px !important;}&#8221;][vc_column css=&#8221;.vc_custom_1538086972618{margin-bottom: 0px !important;border-bottom-width: 0px !important;padding-bottom: 0px !important;}&#8221;]<div id="ultimate-heading-478569f33754050cc" class="uvc-heading ult-adjust-bottom-margin ultimate-heading-478569f33754050cc uvc-8650 " data-hspacer="no_spacer"  data-halign="left" style="text-align:left"><div class="uvc-heading-spacer no_spacer" style="top"></div><div class="uvc-main-heading ult-responsive"  data-ultimate-target='.uvc-heading.ultimate-heading-478569f33754050cc h2'  data-responsive-json-new='{"font-size":"desktop:38px;","line-height":""}' ><h2 style="font-family:&#039;Muli&#039;;font-weight:600;color:#fccc21;margin-bottom:10px;">Premis i reconeixements</h2></div></div>[/vc_column][/vc_row][vc_row type=&#8221;vc_default&#8221; css=&#8221;.vc_custom_1538086930918{margin-top: 0px !important;border-top-width: 0px !important;padding-top: 0px !important;padding-bottom: 40px !important;}&#8221;][vc_column width=&#8221;1/2&#8243; css=&#8221;.vc_custom_1538086999448{margin-top: 0px !important;border-top-width: 0px !important;padding-top: 0px !important;}&#8221;]<div id="ultimate-heading-402669f3375405142" class="uvc-heading ult-adjust-bottom-margin ultimate-heading-402669f3375405142 uvc-8685 " data-hspacer="image_only"  data-halign="left" style="text-align:left"><div class="uvc-heading-spacer image_only" style="margin-bottom:12px;"><img src="https://gdp.cat/wp-content/uploads/2018/09/separador.gif" class="ultimate-headings-icon-image" alt="null" style=""/></div><div class="uvc-sub-heading ult-responsive"  data-ultimate-target='.uvc-heading.ultimate-heading-402669f3375405142 .uvc-sub-heading '  data-responsive-json-new='{"font-size":"","line-height":""}'  style="font-weight:normal;margin-bottom:15px;">Novembre 2005<br />
<strong>Premi a la Innovació Empresarial</strong><br />
Categoria Cultura Innovadora<br />
Concedit per el Ajuntament de Granollers (Barcelona) i Granollers mercat</div></div><div id="ultimate-heading-508069f33754051c2" class="uvc-heading ult-adjust-bottom-margin ultimate-heading-508069f33754051c2 uvc-8854 " data-hspacer="image_only"  data-halign="left" style="text-align:left"><div class="uvc-heading-spacer image_only" style="margin-bottom:12px;"><img src="https://gdp.cat/wp-content/uploads/2018/09/separador.gif" class="ultimate-headings-icon-image" alt="null" style=""/></div><div class="uvc-sub-heading ult-responsive"  data-ultimate-target='.uvc-heading.ultimate-heading-508069f33754051c2 .uvc-sub-heading '  data-responsive-json-new='{"font-size":"","line-height":""}'  style="font-weight:normal;margin-bottom:15px;">Gener 2006<br />
<strong>Finalistes Premis Cambra de Comerç</strong><br />
Delegació Vallès Oriental (Barcelona)</div></div><div id="ultimate-heading-231569f3375405222" class="uvc-heading ult-adjust-bottom-margin ultimate-heading-231569f3375405222 uvc-1637 " data-hspacer="image_only"  data-halign="left" style="text-align:left"><div class="uvc-heading-spacer image_only" style="margin-bottom:12px;"><img src="https://gdp.cat/wp-content/uploads/2018/09/separador.gif" class="ultimate-headings-icon-image" alt="null" style=""/></div><div class="uvc-sub-heading ult-responsive"  data-ultimate-target='.uvc-heading.ultimate-heading-231569f3375405222 .uvc-sub-heading '  data-responsive-json-new='{"font-size":"","line-height":""}'  style="font-weight:normal;margin-bottom:15px;">Maig 2006<br />
<strong>1r Premi GERD</strong><br />
Gremi d’Entitats de Reciclatge d’Enderrocs</div></div><div id="ultimate-heading-86969f3375405282" class="uvc-heading ult-adjust-bottom-margin ultimate-heading-86969f3375405282 uvc-5255 " data-hspacer="image_only"  data-halign="left" style="text-align:left"><div class="uvc-heading-spacer image_only" style="margin-bottom:12px;"><img src="https://gdp.cat/wp-content/uploads/2018/09/separador.gif" class="ultimate-headings-icon-image" alt="null" style=""/></div><div class="uvc-sub-heading ult-responsive"  data-ultimate-target='.uvc-heading.ultimate-heading-86969f3375405282 .uvc-sub-heading '  data-responsive-json-new='{"font-size":"","line-height":""}'  style="font-weight:normal;margin-bottom:15px;">Maig 2006<br />
<strong>Premi FIDER</strong><br />
Fira Internacional Demolició i Reciclatge, Saragossa,<br />
a la Innovació Tecnològica Excel·lent</div></div>[/vc_column][vc_column width=&#8221;1/2&#8243; css=&#8221;.vc_custom_1538087008230{margin-top: 0px !important;border-top-width: 0px !important;padding-top: 0px !important;padding-bottom: 30px !important;}&#8221;]<div id="ultimate-heading-26069f33754052ec" class="uvc-heading ult-adjust-bottom-margin ultimate-heading-26069f33754052ec uvc-6447 " data-hspacer="image_only"  data-halign="left" style="text-align:left"><div class="uvc-heading-spacer image_only" style="margin-bottom:12px;"><img src="https://gdp.cat/wp-content/uploads/2018/09/separador.gif" class="ultimate-headings-icon-image" alt="null" style=""/></div><div class="uvc-sub-heading ult-responsive"  data-ultimate-target='.uvc-heading.ultimate-heading-26069f33754052ec .uvc-sub-heading '  data-responsive-json-new='{"font-size":"","line-height":""}'  style="font-weight:normal;margin-bottom:15px;">Novembre 2006<br />
<strong>Finalistes premis Catalunya Construcció del Col·legi d’Aparelladors i Arquitectes Tècnics de Barcelona</strong><br />
Categoria Projecte Innovador</p>
<p>r</div></div><div id="ultimate-heading-541969f3375405349" class="uvc-heading ult-adjust-bottom-margin ultimate-heading-541969f3375405349 uvc-5091 " data-hspacer="image_only"  data-halign="left" style="text-align:left"><div class="uvc-heading-spacer image_only" style="margin-bottom:12px;"><img src="https://gdp.cat/wp-content/uploads/2018/09/separador.gif" class="ultimate-headings-icon-image" alt="null" style=""/></div><div class="uvc-sub-heading ult-responsive"  data-ultimate-target='.uvc-heading.ultimate-heading-541969f3375405349 .uvc-sub-heading '  data-responsive-json-new='{"font-size":"","line-height":""}'  style="font-weight:normal;margin-bottom:15px;">Juliol 2007<br />
<strong>Menció especial del Premi Medi Ambient 2007</strong><br />
Disseny per al Reciclatge, Producte Reciclat/Reciclable, en la Categoria A de Productes, atorgat pel Departament de Medi Ambient de la Generalitat de Catalunya</div></div><div id="ultimate-heading-120169f33754053b7" class="uvc-heading ult-adjust-bottom-margin ultimate-heading-120169f33754053b7 uvc-898 " data-hspacer="image_only"  data-halign="left" style="text-align:left"><div class="uvc-heading-spacer image_only" style="margin-bottom:12px;"><img src="https://gdp.cat/wp-content/uploads/2018/09/separador.gif" class="ultimate-headings-icon-image" alt="null" style=""/></div><div class="uvc-sub-heading ult-responsive"  data-ultimate-target='.uvc-heading.ultimate-heading-120169f33754053b7 .uvc-sub-heading '  data-responsive-json-new='{"font-size":"","line-height":""}'  style="font-weight:normal;margin-bottom:15px;">Juliol 2009<br />
<strong>Premi Catalunya Construcció 09</strong><br />
Innovació a la Construcció, del Col·legi d’Aparelladors i Arquitectes Tècnics de Barcelona</div></div>[/vc_column][/vc_row]</p>

<p>[vc_row css=&#8221;.vc_custom_1538086938647{margin-bottom: 0px !important;border-bottom-width: 0px !important;padding-bottom: 0px !important;}&#8221;][vc_column css=&#8221;.vc_custom_1538086972618{margin-bottom: 0px !important;border-bottom-width: 0px !important;padding-bottom: 0px !important;}&#8221;][/vc_column][/vc_row][vc_row type=&#8221;vc_default&#8221; css=&#8221;.vc_custom_1538947495655{margin-top: 0px !important;border-top-width: 0px !important;padding-top: 0px !important;padding-bottom: 0px !important;}&#8221;][vc_column width=&#8221;1/2&#8243; css=&#8221;.vc_custom_1538086999448{margin-top: 0px !important;border-top-width: 0px !important;padding-top: 0px !important;}&#8221;][vc_column_text]Disposem de les patents d’invenció denominades, bloc de formigó i procediment per obtenir-lo nº 200700156(X) i procediment per la fabricació de peces de&hellip;</p>
